28
Let x(t) = -t**3 - 117*t**2 + 105*t - 1526. Calculate x(-118).
8
Let w(s) = -227*s**2 + 4*s - 4. Determine w(1).
-227
Let s(f) = f**3 - 12*f**2 + 33*f - 7. Determine s(8).
1
Let w(v) = -1103*v + 27573. Give w(25).
-2
Let c(r) = -1056*r + 133059. What is c(126)?
3
Let y(c) = -24*c**2 - 83*c - 6. Give y(-5).
-191
Let b(d) = -2639*d + 2655. Give b(1).
16
Let r(x) = -x**3 + 21*x**2 + 155*x + 213. Determine r(27).
24
Let u(t) = -33*t - 1114. Give u(-39).
173
Let h(r) = 25*r + 1159. What is h(-43)?
84
Let p(j) = 8*j**2 + 6. Give p(7).
398
Let r(w) = 152*w + 2274. Give r(-15).
-6
Let c(q) = -9*q**2 + 67*q - 84. What is c(6)?
-6
Let p(x) = 68*x - 2858. What is p(42)?
-2
Let c(o) = 4*o**2 + 22*o + 1. Calculate c(-6).
13
Let u(r) = 3*r**3 - 54*r**2 + 2*r - 6. Give u(18).
30
Let z(w) = -1905*w**2 + 7620*w + 9. Give z(4).
9
Let w(f) = 43*f**2 - 13*f + 10. Determine w(1).
40
Let p(k) = k**3 + 21*k**2 + 121*k - 575. Calculate p(3).
4
Let o(a) = 23*a**3 + 12*a - 5. What is o(2)?
203
Let y(a) = 70*a - 3280. Calculate y(47).
10
Let y(r) = r**3 + 36*r**2 - 2*r - 72. What is y(-36)?
0
Let g(i) = -3*i**2 - 438*i - 14904. Calculate g(-92).
0
Let w(o) = -o**2 - 18*o - 106. Determine w(-20).
-146
Let w(j) = 11739*j - 5. Give w(0).
-5
Let h(u) = -57*u - 7014. Give h(-123).
-3
Let h(c) = 2*c**3 + 68*c**2 - 13*c - 418. Calculate h(-34).
24
Let u(y) = -2*y**3 - 14*y**2 + 121*y + 8. What is u(-12)?
-4
Let c(s) = -3*s**3 + 21*s**2 - 10*s - 135. Give c(7).
-205
Let t(r) = -462*r + 31417. Calculate t(68).
1
Let x(m) = 6*m**2 - 25*m + 101. Give x(5).
126
Let p(q) = q**3 + 10*q**2 - 32*q - 228. Determine p(-11).
3
Let b(u) = 2*u**2 - 59*u - 65272. What is b(196)?
-4
Let n(b) = 7*b - 41. Determine n(3).
-20
Let s(d) = 82*d - 159. Determine s(2).
5
Let k(b) = -2*b + 120. What is k(37)?
46
Let g(m) = -m**3 - 9*m**2 - 19*m - 30. What is g(-7)?
5
Let i(b) = b**3 - 21*b**2 - 30*b - 273. Give i(23).
95
Let d(j) = 2*j**3 - 75*j**2 - 43*j + 155. What is d(38)?
-35
Let z(n) = -43*n - 526. Give z(-12).
-10
Let d(v) = 3*v**2 - 19*v + 30. Give d(7).
44
Let q(c) = 3*c**2 + 233*c + 378. What is q(-76)?
-2
Let r(s) = 1114*s + 5547. Determine r(-5).
-23
Let n(b) = -b**2 - 29*b - 182. What is n(-17)?
22
Let n(a) = a**3 - 13*a**2 - 58*a + 29. What is n(-4)?
-11
Let w(u) = -155*u**2 + 310*u - 7. Give w(2).
-7
Let r(n) = 7*n**2 + 89*n + 63. Give r(-12).
3
Let o(u) = -u**3 + 16*u**2 - 35*u - 8. Calculate o(3).
4
Let d(w) = w**2 - 21*w - 570. Give d(-16).
22
Let r(q) = -q**2 - 63*q + 1772. Calculate r(-84).
8
Let m(j) = 294*j - 731. What is m(2)?
-143
Let v(i) = 768*i + 5388. What is v(-7)?
12
Let x(i) = 482*i**2 + 2895*i + 15. Calculate x(-6).
-3
Let x(u) = -u**2 - 149*u + 1923. Calculate x(-162).
-183
Let j(h) = 64*h + 3394. Give j(-53).
2
Let a(m) = m**2 + 70*m + 191. Give a(-72).
335
Let q(o) = -150*o + 1677. Calculate q(11).
27
Let o(u) = -4*u**3 - 51*u**2 + 18*u + 32. Determine o(-13).
-33
Let c(n) = n**2 - 63*n + 274. Calculate c(5).
-16
Let h(f) = 2*f**3 + 42*f**2 + 5*f + 37. Determine h(-21).
-68
Let p(m) = m**2 + 16*m + 202. Determine p(-16).
202
Let o(y) = y**2 - 87*y + 348. Determine o(82).
-62
Let f(j) = 294*j + 1634. Give f(-6).
-130
Let o(s) = -s**3 - 48*s**2 - 215*s + 170. What is o(-43)?
170
Let h(r) = r**3 - 13*r**2 - 74*r + 31. Calculate h(17).
-71
Let w(r) = -r**3 - 5*r**2 - 78*r - 192. Determine w(-3).
24
Let m(a) = a**2 + 5*a - 6. Give m(-5).
-6
Let k(w) = -54*w - 1485. Calculate k(-27).
-27
Let s(g) = -g**2 + 9*g + 85. Determine s(10).
75
Let v(q) = 13*q**2 + 249*q + 658. What is v(-3)?
28
Let n(u) = 164*u - 665. Give n(4).
-9
Let k(v) = -94*v + 1027. Calculate k(11).
-7
Let a(l) = -l**2 - 29*l + 227. Give a(-35).
17
Let x(d) = -14*d + 12. Give x(4).
-44
Let c(i) = -71*i**2 + 488*i + 58. What is c(7)?
-5
Let c(f) = f**3 + 9*f**2 - 6*f - 8. Give c(-7).
132
Let s(o) = 5*o + 63. What is s(-21)?
-42
Let u(m) = -19*m**2 + 554*m - 70. What is u(29)?
17
Let g(m) = -m**3 + 22*m**2 - 39*m + 29. Calculate g(10).
839
Let y(t) = 7*t**2 + 25*t - 13. Determine y(-4).
-1
Let z(h) = 5*h**3 - 30*h**2 - 13*h + 74. Calculate z(6).
-4
Let s(n) = 5*n**3 - 18*n**2 - 32*n + 92. Calculate s(2).
-4
Let u(c) = c**3 + 23*c**2 - 281*c + 230. Determine u(-32).
6
Let y(i) = 81*i + 334. Determine y(-4).
10
Let q(u) = 77*u - 36. Determine q(-5).
-421
Let n(s) = -s**2 + 16*s + 1117. Calculate n(42).
25
Let p(t) = -3*t**3 - 50*t**2 - 15*t - 34. Determine p(-17).
510
Let d(b) = b**3 - 3*b**2 + 32*b - 87. Calculate d(3).
9
Let t(c) = -117*c - 30425. Give t(-260).
-5
Let n(y) = y**3 - 6*y**2 + 2*y + 4. Give n(4).
-20
Let r(t) = 411*t**2 - 1233*t + 1. Determine r(3).
1
Let s(c) = c**2 + 52*c + 544. Determine s(-15).
-11
Let m(u) = -6*u**2 - 22*u + 42. What is m(7)?
-406
Let i(k) = k**3 + 41*k**2 + 35*k - 172. Give i(-40).
28
Let t(v) = 21*v**3 - 147*v**2 + 28*v - 199. Determine t(7).
-3
Let q(n) = -3*n**2 - 20*n - 48. What is q(-6)?
-36
Let t(h) = 14*h + 130. Calculate t(-5).
60
Let a(g) = -g**2 + 9*g + 142. Calculate a(20).
-78
Let b(j) = -257*j**2 - 58*j + 125. What is b(2)?
-1019
Let y(t) = t**3 - 14*t**2 + 3*t - 257. Determine y(15).
13
Let i(y) = y**3 + 64*y**2 - 128*y + 391. Give i(-66).
127
Let y(s) = -s**2 + s + 84. Determine y(10).
-6
Let s(u) = 15574*u + 264761. Give s(-17).
3
Let p(m) = 5*m**3 - 4*m**2 - 8*m + 2. Calculate p(-2).
-38
Let d(x) = 18*x**3 + 717*x**2 - 719*x + 1. What is d(1)?
17
Let g(c) = -2*c**3 - 135*c**2 - 537*c - 1. What is g(-4)?
115
Let o(z) = z**2 + 36*z - 372. What is o(12)?
204
Let l(f) = -5*f + 167. Calculate l(16).
87
Let v(k) = -6*k**2 - 67*k - 471. What is v(-8)?
-319
Let a(l) = -11*l - 341. Determine a(-25).
-66
Let f(s) = 65*s + 1106. Determine f(-17).
1
Let a(b) = -28*b - 226. Calculate a(-8).
-2
Let v(y) = y**2 + 2*y - 38. Calculate v(-6).
-14
Let x(k) = -39589*k - 197951. Determine x(-5).
-6
Let i(w) = w**2 - 8825. Give i(-94).
11
Let m(u) = -119*u + 3584. What is m(30)?
14
Let r(n) = -2*n**2 - 67*n + 1. What is r(-27)?
352
Let b(y) = -y**3 - 15*y**2 + 4*y + 33. Calculate b(-14).
-219
Let f(d) = d**3 - 36*d**2 + 229*d + 383. Calculate f(27).
5
Let w(o) = -11*o - 1313. Give w(-118).
-15
Let c(f) = f**3 + 5*f**2 - 79*f - 165. What is c(-2)?
5
Let f(k) = 19*k**2 + 59*k + 3. What is f(-3)?
-3
Let t(o) = -2*o**3 + 9*o**2 - 8*o - 72. Give t(-4).
232
Let c(o) = -o**3 + 36*o**2 - 122*o + 758. Calculate c(33).
-1
Let b(h) = -195*h - 1600. Give b(-12).
740
Let j(n) = -19*n**3 - 3*n**2 + 7*n + 21. What is j(-2)?
147
Let n(w) = -15*w**2 - 151*w - 5. Calculate n(-10).
5
Let h(b) = 30*b - 177. Determine h(-6).
-357
Let j(g) = -g**3 - 26*g**2 - 180*g - 226. What is j(-15)?
-1
Let b(h) = -11*h - 156. Give b(-15).
9
Let b(w) = -w**3 - 17*w**2 - 35*w - 19. Determine b(-15).
56
Let z(q) = -27*q - 4658. Calculate z(-169).
-95
Let h(p) = -838*p + 4928. Calculate h(6).
-100
Let b(q) = 62*q + 383. What is b(-6)?
11
Let o(v) = -v**2 - 86*v + 1757. Determine o(17).
6
Let u(f) = 105*f**2 - 948*f + 21. Calculate u(9).
-6
Let i(q) = q**3 - 37*q + 245. Give i(7).
329
Let z(v) = v**2 + 25*v + 9. Calculate z(-16).
-135
Let l(m) = 7177*m + 14350. Give l(-2).
-4
Let n(a) = 3058*a - 27500. What is n(9)?
22
Let u(h) = -16*h + 1007. Determine u(63).
-1
Let s(b) = 62*b + 1766. Determine s(-29).
-32
Let n(v) = v**3 + 6*v**2 + 25*v + 16. What is n(-6)?
-134
Let p(l) = -l**3 - 30*l**2 + 29*l + 24. Determine p(-31).
86
Let v(x) = x**2 + 99*x - 669. Determine v(-105).
-39
Let r(p) = -p**3 - 86*p**2 + 395*p + 11386. Determine r(-89).
-6
Let r(y) = -64*y - 419. Calculate r(-6).
-35
Let h(n) = n**3 - 23*n**2 + 82*n - 108. Determine h(19).
6
Let a(c) = 3*c**2 - 61*c + 476. Calculate a(12).
176
Let g(f) = f**3 + 6*f**2 - 25*f - 91. Give g(-3).
11
Let h(g) = 5*g**3 + 6*g**2 - 5*g - 35. What is h(-2)?
-41
Let o(i) = -36*i**3 + 33*i**2 - 31*i - 2. Calculate o(1).
-36
Let o(z) = 143*z - 97. Determine o(4).
475
Let k(y) = -199*y - 198. What is k(-1)?
1
Let g(a) = -4266*a - 17070. Give g(-4).
-6
Let j(r) = 58*r - 2013. Determine j(35).
17
Let d(k) = k**2 + 64*k + 248. Give d(-58).
-100
Let i(r) = -r**3 - 14*r**2 - 32*r - 489. Give i(-14).
-41
Let z(c) = 1070*c - 11779. What is z(11)?
-9
Let g(d) = 748*d + 21692. Calculate g(-29).
0
Let x(l) = -27*l**2 + 56*l. Calculate x(-2).
-220
Let j(q) = 144*q + 854. Calculate